 the units digit of c?
2
What is the units digit of (-56)/42 - (1364/(-6) + 4)?
2
Suppose -702 = -3*f + d + 1718, -3*d + 12 = 0. What is the tens digit of f/14 + (-14)/(-49)?
5
Suppose -3*u + 0*u + 2187 = 0. Suppose 2*o + 7*o - u = 0. What is the units digit of o?
1
Let u(j) be the third derivative of 17*j**5/60 - 4*j**2. What is the tens digit of u(-2)?
6
Let l = 43 + -31. Let b be -3*(1 + (-8)/l). Let g = b - -9. What is the units digit of g?
8
Let s(k) = -k. Let n(o) = -24*o - 4. Let b(j) = -n(j) + 3*s(j). What is the tens digit of b(1)?
2
Let l(w) = 26*w + 47. What is the units digit of l(4)?
1
Suppose -5*c - 23 - 22 = -5*w, -3*c - 38 = -4*w. What is the units digit of -1*w*(-18 + 17)?
1
Let m(i) = 72*i**2 + 90*i - 7. What is the tens digit of m(-6)?
4
Suppose -7*q = -50*q + 18877. What is the tens digit of q?
3
What is the units digit of (-4)/14 - (-66564)/126?
8
Let i = -749 - -873. What is the units digit of i?
4
Let r(w) = w**3 - 6*w**2 + 7*w - 8. Let b be r(4). Let y(c) = 6*c**2 - 5*c + 3*c + c**3 - 15 + 6*c**2. What is the units digit of y(b)?
9
Let f = 20 - 19. Suppose -3*q + 286 = 4*v + v, 0 = v + f. What is the units digit of q?
7
Let m = -15 + 13. Let c(k) = -26*k**3 - k**2 - 7*k - 10. What is the units digit of c(m)?
8
Suppose 19*v - 2516 = 15*v. What is the hundreds digit of v?
6
Let g(z) = z + 4. Let b be g(-4). Suppose 0 = -2*d - 0*d - o + 6, -4*o = b. Suppose -d = -3*j - 0*j. What is the units digit of j?
1
What is the hundreds digit of (-39549)/(-21) - 5/(-7)?
8
Let y = 167 - -259. What is the units digit of y?
6
What is the units digit of 40/160 - (-56492)/16?
1
Suppose q - 6*q = -25, 4*o = 4*q + 812. What is the units digit of (-2)/(-4) + o/32 + 2?
9
Let g(q) = -q**3 - q**2 + 60*q - 46. What is the hundreds digit of g(-19)?
3
What is the hundreds digit of (1320/(-308))/(1/(-140))?
6
Let t(p) = -7*p - 54. Let n be t(-8). What is the hundreds digit of (-450 - n)*1/(-2)?
2
Suppose 3*l = -2*l + 15. Suppose -2*t + 10 = -3*w - 2*w, l*t - 15 = -4*w. Suppose 5*u = 4*b + b - 40, w = -2*u - 8. What is the units digit of b?
4
Suppose -z = f + 10, -z - 5*f + 0*f = 18. Let x(s) = -s**2 - 5*s + 25. Let u be x(z). What is the tens digit of -3 + (-1 - -44) + u?
4
What is the units digit of (-10)/(-3)*(0 + (-72)/(-1))?
0
Suppose -93 + 393 = 4*w. Let u = 193 - w. Suppose u + 10 = 4*v. What is the units digit of v?
2
Let h = -2207 - -5980. What is the tens digit of h?
7
What is the tens digit of ((-470)/(-7))/(16/112)?
7
Let l(z) = -5*z**3 - 5*z**2 + 9*z + 6. Let w be l(4). Let a = -120 - w. What is the hundreds digit of a?
2
What is the hundreds digit of ((-131)/(-3))/((-2)/(-18))?
3
Let m(j) = -9*j + 5*j**2 - 1 - 1 + j**2 - 5*j**2. Let f be m(9). What is the tens digit of (-132)/(-6) + 4/f?
2
Let k(h) = h**3 + 2*h + 16. Let j be k(0). Suppose 0 = 2*g - 24 + j. What is the units digit of g?
4
Suppose 0 = 6*w - 59 - 13. Let z = w - -121. What is the units digit of z?
3
Suppose 38 = s - 11. Let x = -18 + s. What is the units digit of x?
1
Suppose -101*k - 28468 = -123*k. What is the units digit of k?
4
Suppose -3*a = 73 + 422. Let m = a + 310. What is the tens digit of m?
4
Let m(p) = 2*p**2 - 2*p**2 + 3*p - p**2 + 5 + 3*p**2. Let v be m(-4). Suppose -2*a - 1 = -4*o + v, 3*a = -5*o + 27. What is the units digit of o?
6
What is the units digit of ((-190)/(-8))/(2/72)?
5
Let i(l) = 6*l - 22. Let b be i(7). What is the tens digit of (1 - 45)/((-10)/b)?
8
What is the hundreds digit of -1 - (-4 - (1894 + -1))?
8
Let u = 85 - 84. What is the units digit of 3*(-1 - -1 - (-29)/u)?
7
Let z(k) = 3*k**2 + 8*k + 9. Suppose -3*a = -3*c - 18, -4*c - 13 - 18 = 3*a. What is the hundreds digit of z(c)?
1
Let z(y) be the third derivative of y**5/30 + 13*y**4/24 - 3*y**3/2 - 11*y**2. Let i be z(-7). What is the units digit of 126/4 - i/4?
2
Let c be (-4)/18 - (-76)/(-36)*-2. Suppose 0*q + 4*q = 144. Suppose c*r - q = 40. What is the tens digit of r?
1
Suppose -2*n - 6 = -4*l, 3*n + n = -4*l - 12. Suppose -h - 2*c = -5 - 12, -3*h - 5*c + 53 = l. What is the tens digit of h?
2
Suppose 2*o = -5*q - 447 + 1195, -3*o - 603 = -4*q. What is the units digit of q?
0
Suppose -2*p - 5*o - 40 = -5*p, -p + 3*o = -20. Suppose -140 = 5*q + p*d, -3*q - 43 = -4*d + 20. Let h = 14 - q. What is the tens digit of h?
3
Suppose 0*x + 3*x = 6. Suppose 0 = -l - x*s - 4, -s - 4*s - 9 = 3*l. Suppose 0 = l*y - 6*y + 204. What is the tens digit of y?
5
Let c = -263 + 396. What is the hundreds digit of c?
1
Suppose 32 = 2*p - 112. Let w = 77 - p. What is the units digit of w?
5
Suppose -5*c + 21 = 4*w, -4*c - 6 + 2 = -2*w. Let j = -6 + 6. What is the tens digit of 0/w + (28 - j)?
2
Suppose -3*n = -6*n + 93. Let k = n - 26. What is the tens digit of (9/k)/((-8)/(-120))?
2
Let n be 2/6 - 17/(-3). Suppose -5*j - 3*x = 2, n = -2*j - j + 3*x. What is the units digit of 2*(-8)/(-4) + j?
3
Let p(m) = m - 4. Let w be p(8). Suppose 0*t + 208 = w*t. What is the tens digit of t?
5
Let t(f) = f**2 + 3*f + 6. Let c(w) = 2*w**2 + 6*w + 12. Let z(y) = -2*c(y) + 5*t(y). What is the units digit of z(-5)?
6
Suppose 0 = 11*f - 14*f + 78. What is the units digit of f?
6
Let h(f) = -2*f**3 + 3*f**2 - f + 27. Let k(b) = b**3 - 2*b**2 + b - 13. Suppose -51 = -4*j - 15. Let g(m) = j*k(m) + 4*h(m). What is the units digit of g(6)?
1
Let m = -4 + 15. Suppose 5*q - m = 3*u + 18, 0 = -4*q - u + 13. What is the units digit of q?
4
Let c(r) = -1972*r + 121. What is the hundreds digit of c(-3)?
0
Suppose 3*b + 3*b = 6. Let i(l) = 30*l**2 + 2*l - 2. Let p be i(b). Suppose -x + 5*r = -p, -5*x + x - 3*r = -212. What is the units digit of x?
0
Let q(k) = 52*k - 28. Let s be q(6). Suppose -5*n + n - s = -l, 0 = -2*n. What is the tens digit of l?
8
Let j = -406 - -727. What is the hundreds digit of j?
3
Let s be 6/(-2) - (-1)/(-1). Let j be 5/(-10) + (-18)/s. Suppose 0 = 2*z - j*z + 50. What is the tens digit of z?
2
What is the hundreds digit of (1*45)/(-4*11/(-572))?
5
Suppose 6*r - 4 = 32. What is the units digit of (2/(-4))/(3/r) - -53?
2
Suppose 2*d - d = 79. Suppose 0 = 5*a - 6*a + d. Suppose 0 = -5*q + 2*y + a, -y - 4*y - 2 = -q. What is the units digit of q?
7
Let w be -3 + (17 - (-5 - -3)). Suppose 0 = -4*p + 6*p - w. Suppose 3*i = -2*m + p, -3*i - 3*m + 9 = i. What is the units digit of i?
6
Let h = 3083 + -2022. What is the units digit of h?
1
Let i(f) = -2*f**2. Let z be 0 - 2/(-5 - -3). Let q be i(z). Let d = 5 + q. What is the units digit of d?
3
Suppose 0*g = -4*g + 8. Suppose -36 = -2*l - 2*u + u, g*u = 0. Suppose 0 = 5*i - 3*i - l. What is the units digit of i?
9
Suppose 9 = 7*q - 5. Suppose -q*n - 82 = -6*n - 2*v, 0 = -4*n - v + 81. What is the tens digit of n?
2
Let q(n) = 2*n**2 - 8*n + 4. Let d be q(-11). Let v = -207 + d. What is the tens digit of v?
2
What is the hundreds digit of 11 + (-16664)/(-4) - -8?
1
Let w(u) = -310*u**3 + 2*u**2 + 5*u + 2. What is the units digit of w(-1)?
9
Suppose 4*q + q - 350 = 5*n, 0 = -2*q + 5*n + 125. Let g = q + -57. What is the units digit of g?
8
Let s(b) be the second derivative of b**3/6 - b**2 + b. Let i be s(6). What is the tens digit of (-3)/i + 141/12?
1
Suppose 0 = -4*q - 2*j + 157 + 669, -3*j = -5*q + 1016. What is the hundreds digit of q?
2
Let t = 18 + -30. Let q = 17 + t. Suppose 3*r + 3*m = -2*r + 51, -5*r = -q*m - 35. What is the units digit of r?
9
Let x(m) = m**3 + 24*m**2 - 23*m + 21. What is the hundreds digit of x(-14)?
3
Suppose -15*w + 12*w + 33 = 0. Suppose -4*g - a + 13 = 0, 10*g - w = 5*g + 4*a. Suppose -3*l + 144 = 4*o, -3*l + 6*o - g*o = -165. What is the units digit of l?
2
Suppose -7*o = -2*o - 45. Let u(y) = -y**2 + 10*y + 16. What is the tens digit of u(o)?
2
Let h be 8*4/14 - (-18)/(-63). Suppose -2*r = -h*t - 224, 0 = 2*r + t - 136 - 97. What is the tens digit of r?
1
Suppose -3*r = 2*x + 27, 3*r + x = 3*x - 27. Let v = 11 + r. Suppose 4*l + 151 = 5*z, -v*l + 150 = 5*z - 7*l. What is the tens digit of z?
3
Let w be (18/(-30))/(1/(-5)). Let n(f) = -13 + 0*f + 4*f**2 + 7*f**2 - f**2 + 5*f + f**w. What is the units digit of n(-9)?
3
Let r(d) be the second derivative of -d**4/12 + 8*d**3/3 - 7*d**2 + d. Suppose -63*l = -68*l + 55. What is the tens digit of r(l)?
4
Suppose 0 = -8*o + 6*o + 106. What is the units digit of o?
3
Let s = -30